 the greatest common factor of 13050 and 3840?
30
What is the highest common factor of 57229 and 5889?
151
What is the highest common divisor of 32472 and 4551?
123
What is the highest common divisor of 4845 and 816?
51
Calculate the highest common factor of 48 and 5158368.
48
Calculate the highest common divisor of 1194 and 114.
6
What is the highest common divisor of 760 and 36020?
20
Calculate the greatest common divisor of 1584549 and 27.
27
What is the highest common divisor of 174 and 4482?
6
What is the greatest common divisor of 318 and 14893?
53
What is the highest common divisor of 77112 and 630?
126
Calculate the highest common divisor of 199888 and 624.
208
Calculate the highest common factor of 172674 and 8586.
954
Calculate the greatest common factor of 18952 and 1012.
92
What is the highest common factor of 453 and 166553?
151
Calculate the greatest common divisor of 170560 and 5576.
328
What is the highest common factor of 175 and 5975?
25
Calculate the greatest common factor of 728 and 221.
13
What is the highest common divisor of 1472 and 12224?
64
What is the greatest common divisor of 253 and 3421?
11
Calculate the greatest common factor of 30342 and 1170.
78
What is the highest common divisor of 54 and 695781?
9
Calculate the greatest common factor of 285 and 241490.
95
What is the highest common divisor of 1323 and 6272?
49
What is the greatest common factor of 31521 and 8512?
133
What is the highest common factor of 4134 and 2?
2
What is the highest common divisor of 366146 and 4450?
178
What is the greatest common divisor of 51 and 292536?
51
Calculate the highest common divisor of 17592 and 312.
24
What is the highest common divisor of 162 and 37206?
54
What is the greatest common factor of 13651 and 1496?
187
What is the highest common factor of 36516 and 179?
179
Calculate the highest common divisor of 62 and 365025.
31
What is the highest common divisor of 3975 and 48230?
265
What is the highest common divisor of 4125 and 4895?
55
What is the highest common factor of 1992 and 27?
3
Calculate the greatest common divisor of 59 and 625813.
59
Calculate the highest common factor of 270924 and 422.
422
Calculate the highest common divisor of 112 and 208026.
14
Calculate the highest common divisor of 120 and 17820.
60
What is the highest common factor of 417 and 8589?
3
What is the greatest common factor of 9 and 35064?
9
What is the highest common factor of 83127 and 3036?
33
Calculate the highest common factor of 2436468 and 24.
12
What is the highest common divisor of 21920 and 6464?
32
What is the highest common factor of 50996 and 244?
244
What is the highest common divisor of 377467 and 218?
109
What is the highest common factor of 1154048 and 224?
224
Calculate the highest common divisor of 247 and 2239264.
19
Calculate the greatest common divisor of 5472 and 741.
57
What is the highest common factor of 60 and 681030?
30
What is the greatest common factor of 28521 and 27?
9
Calculate the highest common divisor of 40 and 15430.
10
Calculate the greatest common factor of 26 and 243893.
13
What is the greatest common factor of 122825 and 125?
25
Calculate the greatest common divisor of 2121 and 293405.
707
What is the highest common divisor of 42 and 5339166?
42
What is the greatest common factor of 1026 and 98458?
38
What is the highest common divisor of 102675 and 231361?
1369
Calculate the greatest common factor of 301942 and 446.
446
What is the greatest common divisor of 4524873 and 3?
3
Calculate the highest common divisor of 212212 and 112.
28
Calculate the greatest common factor of 158 and 49375.
79
Calculate the highest common factor of 12 and 316992.
12
What is the greatest common divisor of 298 and 302?
2
What is the greatest common factor of 1555 and 75?
5
Calculate the greatest common factor of 1244011 and 419.
419
Calculate the greatest common factor of 161 and 1012.
23
What is the greatest common factor of 274878 and 18?
18
What is the greatest common divisor of 668299 and 692?
173
Calculate the greatest common factor of 47 and 1005565.
47
Calculate the greatest common factor of 1918 and 18.
2
Calculate the highest common divisor of 3175 and 3925.
25
Calculate the greatest common divisor of 4002 and 138.
138
What is the highest common divisor of 252820 and 140?
20
What is the greatest common divisor of 72 and 259464?
24
What is the greatest common factor of 71972 and 95?
19
Calculate the highest common divisor of 5274228 and 24.
12
Calculate the highest common factor of 2294 and 26048.
74
Calculate the highest common factor of 3169 and 8.
1
What is the greatest common divisor of 105226 and 22?
22
What is the highest common factor of 41494 and 6?
2
What is the greatest common divisor of 2323069 and 161?
161
What is the greatest common divisor of 408 and 257496?
24
Calculate the greatest common divisor of 142588 and 258.
86
What is the highest common divisor of 989 and 103243?
43
What is the greatest common factor of 226 and 2923423?
113
Calculate the highest common factor of 154835 and 2595.
865
What is the greatest common factor of 11754 and 225?
9
What is the highest common factor of 61 and 2012573?
61
What is the greatest common factor of 4693 and 1625?
13
What is the highest common divisor of 96608 and 208?
16
Calculate the highest common divisor of 172358 and 10.
2
Calculate the greatest common factor of 1215 and 8640.
135
Calculate the highest common factor of 660 and 3709420.
220
What is the greatest common divisor of 182 and 108446?
26
Calculate the greatest common factor of 589 and 203699.
19
What is the greatest common factor of 40 and 8780?
20
What is the highest common divisor of 314 and 27?
1
What is the highest common factor of 7181 and 301?
43
Calculate the greatest common factor of 8436 and 334332.
444
What is the highest common divisor of 2702 and 1203934?
386
Calculate the highest common divisor of 51 and 211.
1
What is the highest common factor of 485 and 50828?
97
What is the highest common divisor of 682 and 77726?
22
What is the greatest common factor of 9264 and 13096208?
3088
What is the greatest common factor of 78477 and 6216?
777
Calculate the highest common divisor of 8 and 838.
2
Calculate the highest common divisor of 9114 and 546.
42
Calculate the greatest common divisor of 1565586 and 396.
198
What is the greatest common factor of 82680 and 3510?
390
Calculate the greatest common divisor of 471 and 396.
3
Calculate the highest common divisor of 6496 and 1421.
203
Calculate the highest common factor of 236470 and 10.
10
Calculate the highest common factor of 6365 and 470541.
67
What is the greatest common divisor of 352 and 2528?
32
Calculate the greatest common divisor of 191 and 484949.
191
What is the greatest common factor of 270 and 6606?
18
Calculate the highest common factor of 78 and 2486211.
39
What is the highest common divisor of 1744 and 400?
16
Calculate the greatest common factor of 1375 and 9500.
125
Calculate the greatest common factor of 27180 and 25020.
180
Calculate the greatest common divisor of 336429 and 261.
261
What is the greatest common factor of 52 and 403?
13
Calculate the greatest common divisor of 476 and 5257.
7
Calculate the greatest common divisor of 994232 and 844.
844
What is the highest common divisor of 4671 and 5363?
173
Calculate the greatest common divisor of 3500 and 672.
28
What is the greatest common factor of 10947 and 615?
123
Calculate the highest common factor of 394912 and 41.
41
Calculate the greatest common divisor of 305984 and 23744.
448
Calculate the highest common divisor of 65235 and 15.
15
Calculate the greatest common factor of 4823 and 24857.
371
What is the highest common factor of 1452 and 1068?
12
Calculate the highest common divisor of 516 and 511356.
516
Calculate the highest common divisor of 141 and 28435.
47
What is the greatest common factor of 26 and 247?
13
Calculate the highest common factor of 7984116 and 531.
531
What is the greatest common factor of 512 and 75792?
16
Calculate the greatest common factor of 8790 and 315.
15
What is the highest common divisor of 17931 and 3483?
129
Calculate the highest common factor of 6693 and 10278217.
2231
What is the highest common divisor of 32 and 2570912?
32